{"id":1011,"date":"2025-08-18T12:09:42","date_gmt":"2025-08-18T12:09:42","guid":{"rendered":"https:\/\/mellanaplant.fi\/hantering-och-forvaring-av-plantor\/"},"modified":"2025-09-24T11:32:06","modified_gmt":"2025-09-24T11:32:06","slug":"hantering-och-forvaring-av-plantor","status":"publish","type":"page","link":"https:\/\/mellanaplant.fi\/sv\/hantering-och-forvaring-av-plantor\/","title":{"rendered":"Hantering och f\u00f6rvaring av plantor"},"content":{"rendered":"<div class=\"et_pb_section_0 et_pb_section et_section_regular et_block_section\">\n<div class=\"et_pb_row_0 et_pb_row et_flex_row\">\n<div class=\"et_pb_column_0 et_pb_column et_block_column et_pb_column_empty et_pb_css_mix_blend_mode_passthrough et_flex_column_24_24 et_flex_column_24_24_tablet et_flex_column_24_24_phone et_flex_column_24_24_phoneWide et_flex_column_24_24_tabletWide et_flex_column_24_24_widescreen et_flex_column_24_24_ultraWide\"><\/div>\n\n<div class=\"et_pb_column_1 et_pb_column et_flex_column et_pb_css_mix_blend_mode_passthrough et_flex_column_24_24 et_flex_column_24_24_tablet et_flex_column_24_24_phone et_flex_column_24_24_phoneWide et_flex_column_24_24_tabletWide et_flex_column_24_24_widescreen et_flex_column_24_24_ultraWide\">\n<div class=\"et_pb_text_0 et_pb_text et_pb_bg_layout_light et_pb_module et_flex_module\"><div class=\"et_pb_text_inner\"><h1>Hantering och f\u00f6rvaring av plantor<\/h1>\n<\/div><\/div>\n<\/div>\n\n<div class=\"et_pb_column_2 et_pb_column et-last-child et_flex_column et_pb_column_empty et_pb_css_mix_blend_mode_passthrough et_flex_column_24_24 et_flex_column_24_24_tablet et_flex_column_24_24_phone et_flex_column_24_24_phoneWide et_flex_column_24_24_tabletWide et_flex_column_24_24_widescreen et_flex_column_24_24_ultraWide\"><\/div>\n<\/div>\n<\/div>\n\n<div class=\"et_pb_section_1 et_pb_section et_section_regular et_block_section\">\n<div class=\"et_pb_row_1 et_pb_row et_block_row\">\n<div class=\"et_pb_column_3 et_pb_column et_pb_column_1_2 et_block_column et_pb_css_mix_blend_mode_passthrough\">\n<div class=\"et_pb_text_1 et_pb_text et_pb_bg_layout_light et_pb_module et_flex_module\"><div class=\"et_pb_text_inner\"><h2>Plantor<\/h2>\n<p>Alla Mellan\u00e5 Plants plantor \u00e4r t\u00e4ckrotsplantor, vilket har varit den mest popul\u00e4ra odlingsmetoden under de senaste 30 \u00e5ren. De \u00e4r l\u00e4tta att plantera med planteringsr\u00f6r eller mekaniskt. Beroende p\u00e5 klumpens storlek ska r\u00e4tt storlek p\u00e5 planteringsr\u00f6ret anv\u00e4ndas.<\/p>\n<p>\u00a0<\/p>\n<p>OBS! Kontakta din lokala skogsexpert f\u00f6r planteringsanvisningar.<\/p>\n<p>\u00a0<\/p>\n<\/div><\/div>\n<\/div>\n\n<div class=\"et_pb_column_4 et_pb_column et_pb_column_1_2 et-last-child et_block_column et_pb_css_mix_blend_mode_passthrough\">\n<div class=\"et_pb_image_0 et_pb_image et_pb_module et_flex_module\"><a href=\"https:\/\/mellanaplant.fi\/wp-content\/uploads\/2025\/09\/taimet1.jpg\" title=\"Mellan\u00e5 Plant taimet\" class=\"et_pb_lightbox_image\" alt=\"Mellan\u00e5 Plant taimet\"><span class=\"et_pb_image_wrap\"><img loading=\"lazy\" decoding=\"async\" src=\"https:\/\/mellanaplant.fi\/wp-content\/uploads\/2025\/09\/taimet1.jpg\" alt=\"Mellan\u00e5 Plant taimet\" width=\"1920\" height=\"1440\" srcset=\"https:\/\/mellanaplant.fi\/wp-content\/uploads\/2025\/09\/taimet1.jpg 1920w, https:\/\/mellanaplant.fi\/wp-content\/uploads\/2025\/09\/taimet1-1280x960.jpg 1280w, https:\/\/mellanaplant.fi\/wp-content\/uploads\/2025\/09\/taimet1-980x735.jpg 980w, https:\/\/mellanaplant.fi\/wp-content\/uploads\/2025\/09\/taimet1-480x360.jpg 480w\" sizes=\"(min-width: 0px) and (max-width: 480px) 480px, (min-width: 481px) and (max-width: 980px) 980px, (min-width: 981px) and (max-width: 1280px) 1280px, (min-width: 1281px) 1920px, 100vw\" class=\"wp-image-1238\" \/><\/span><\/a><\/div>\n<\/div>\n<\/div>\n\n<div class=\"et_pb_row_2 et_pb_row et_block_row\">\n<div class=\"et_pb_column_5 et_pb_column et_pb_column_1_2 et_block_column et_pb_css_mix_blend_mode_passthrough\">\n<div class=\"et_pb_text_2 et_pb_text et_pb_bg_layout_light et_pb_module et_flex_module\"><div class=\"et_pb_text_inner\"><h2>Plantering p\u00e5 v\u00e5ren<\/h2>\n<p>Plantorna kan planteras s\u00e5 snart tj\u00e4len har g\u00e5tt ur jorden p\u00e5 v\u00e5ren. Alla plantor som levereras p\u00e5 v\u00e5ren \u00e4r frysta vid leveransen och m\u00e5ste tinas upp f\u00f6re plantering. H\u00e4r f\u00f6ljer n\u00e5gra rekommendationer och tips f\u00f6r plantering av frysta plantor (detta \u00e4r riktlinjer, f\u00f6r mer detaljerade instruktioner kontakta din lokala skogsexpert):  <\/p>\n<ul>\n<li>Placera plantl\u00e5dan i skuggan eller i ett svalt f\u00f6rvaringsutrymme, eftersom plantorna kan skadas av direkt solljus. Placera l\u00e5dorna s\u00e5 att det finns lite utrymme mellan dem.<\/li>\n<li>Sk\u00e4r 4-5 lufth\u00e5l i l\u00e5dan, antingen p\u00e5 sidorna eller p\u00e5 locket.<\/li>\n<li>\u00d6ppna locket n\u00e4r torven har tinat upp.<\/li>\n<li>Plantera s\u00e5 snabbt som m\u00f6jligt, helst innan plantorna b\u00f6rjar v\u00e4xa igen.<\/li>\n<li>Vattna vid behov.<\/li>\n<\/ul>\n<p>Tips:<\/p>\n<ul>\n<li>Beroende p\u00e5 temperaturen kan upptiningstiden vara fr\u00e5n n\u00e5gra dagar till flera veckor. Plantor i mitten av l\u00e5dan kommer att tina lite l\u00e5ngsammare. Rekommendationen \u00e4r att plantera plantorna inom 3 veckor efter att upptiningsprocessen har p\u00e5b\u00f6rjats.<\/li>\n<li>Plantorna m\u00e5ste vara helt upptinade innan de planteras.<\/li>\n<li>Vattna plantorna f\u00f6re plantering, om det beh\u00f6vs. Vatten ska komma ut ur klumpen n\u00e4r du kl\u00e4mmer p\u00e5 den. <\/li>\n<\/ul>\n<\/div><\/div>\n<\/div>\n\n<div class=\"et_pb_column_6 et_pb_column et_pb_column_1_2 et-last-child et_block_column et_pb_css_mix_blend_mode_passthrough\">\n<div class=\"et_pb_image_1 et_pb_image et_pb_module et_flex_module\"><a href=\"https:\/\/mellanaplant.fi\/wp-content\/uploads\/2025\/09\/kevatistutus1.jpg\" title=\"Mellan\u00e5 Plant kev\u00e4tistutus\" class=\"et_pb_lightbox_image\" alt=\"Mellan\u00e5 Plant kev\u00e4tistutus\"><span class=\"et_pb_image_wrap\"><img loading=\"lazy\" decoding=\"async\" src=\"https:\/\/mellanaplant.fi\/wp-content\/uploads\/2025\/09\/kevatistutus1.jpg\" alt=\"Mellan\u00e5 Plant kev\u00e4tistutus\" width=\"1920\" height=\"1282\" srcset=\"https:\/\/mellanaplant.fi\/wp-content\/uploads\/2025\/09\/kevatistutus1.jpg 1920w, https:\/\/mellanaplant.fi\/wp-content\/uploads\/2025\/09\/kevatistutus1-1280x855.jpg 1280w, https:\/\/mellanaplant.fi\/wp-content\/uploads\/2025\/09\/kevatistutus1-980x654.jpg 980w, https:\/\/mellanaplant.fi\/wp-content\/uploads\/2025\/09\/kevatistutus1-480x321.jpg 480w\" sizes=\"(min-width: 0px) and (max-width: 480px) 480px, (min-width: 481px) and (max-width: 980px) 980px, (min-width: 981px) and (max-width: 1280px) 1280px, (min-width: 1281px) 1920px, 100vw\" class=\"wp-image-1224\" \/><\/span><\/a><\/div>\n<\/div>\n<\/div>\n\n<div class=\"et_pb_row_3 et_pb_row et_block_row\">\n<div class=\"et_pb_column_7 et_pb_column et_pb_column_1_2 et_block_column et_pb_css_mix_blend_mode_passthrough\">\n<div class=\"et_pb_text_3 et_pb_text et_pb_bg_layout_light et_pb_module et_flex_module\"><div class=\"et_pb_text_inner\"><h2>Plantering under sommaren<\/h2>\n<p>Plantor som levereras p\u00e5 sommaren \u00e4r antingen frusna eller utifr\u00e5n packade v\u00e4xande plantor. Frysta plantor b\u00f6r planteras enligt samma rekommendationer som f\u00f6r v\u00e5rplantering.<\/p>\n<h4>Utifr\u00e5n packade v\u00e4xande plantor<\/h4>\n<ul>\n<li>Plantorna vattnas p\u00e5 plantskolan innan leverans och det rekommenderas starkt att plantorna planteras inom en vecka.<\/li>\n<li>Plantorna levereras i l\u00e5dor och l\u00e5dorna b\u00f6r \u00f6ppnas omedelbart s\u00e5 att plantorna f\u00e5r ljus och kan vattnas dagligen. L\u00e5dorna ska inte f\u00f6rvaras ovanp\u00e5 varandra, eftersom vikten kan pressa ihop l\u00e5dorna och skada plantorna. F\u00f6rvara p\u00e5 en skuggig plats.<\/li>\n<li>Det finns risk f\u00f6r skador om v\u00e4xande plantor f\u00f6rvaras i fuktiga l\u00e5dor i mer \u00e4n en vecka.<\/li>\n<li>Vattna plantorna f\u00f6re plantering s\u00e5 att vatten kommer ut ur klumpen n\u00e4r du kl\u00e4mmer p\u00e5 den.<\/li>\n<\/ul>\n<p>\u00a0<\/p>\n<\/div><\/div>\n<\/div>\n\n<div class=\"et_pb_column_8 et_pb_column et_pb_column_1_2 et-last-child et_block_column et_pb_css_mix_blend_mode_passthrough\">\n<div class=\"et_pb_image_2 et_pb_image et_pb_module et_flex_module\"><a href=\"https:\/\/mellanaplant.fi\/wp-content\/uploads\/2025\/09\/kesaistutus.jpg\" title=\"Mellan\u00e5 Plant kes\u00e4istutus\" class=\"et_pb_lightbox_image\" alt=\"Mellan\u00e5 Plant kes\u00e4istutus\"><span class=\"et_pb_image_wrap\"><img loading=\"lazy\" decoding=\"async\" src=\"https:\/\/mellanaplant.fi\/wp-content\/uploads\/2025\/09\/kesaistutus.jpg\" alt=\"Mellan\u00e5 Plant kes\u00e4istutus\" width=\"1920\" height=\"1280\" srcset=\"https:\/\/mellanaplant.fi\/wp-content\/uploads\/2025\/09\/kesaistutus.jpg 1920w, https:\/\/mellanaplant.fi\/wp-content\/uploads\/2025\/09\/kesaistutus-1280x853.jpg 1280w, https:\/\/mellanaplant.fi\/wp-content\/uploads\/2025\/09\/kesaistutus-980x653.jpg 980w, https:\/\/mellanaplant.fi\/wp-content\/uploads\/2025\/09\/kesaistutus-480x320.jpg 480w\" sizes=\"(min-width: 0px) and (max-width: 480px) 480px, (min-width: 481px) and (max-width: 980px) 980px, (min-width: 981px) and (max-width: 1280px) 1280px, (min-width: 1281px) 1920px, 100vw\" class=\"wp-image-1262\" \/><\/span><\/a><\/div>\n<\/div>\n<\/div>\n\n<div class=\"et_pb_row_4 et_pb_row et_block_row\">\n<div class=\"et_pb_column_9 et_pb_column et_pb_column_1_2 et_block_column et_pb_css_mix_blend_mode_passthrough\">\n<div class=\"et_pb_text_4 et_pb_text et_pb_bg_layout_light et_pb_module et_flex_module\"><div class=\"et_pb_text_inner\"><h2>Plantering p\u00e5 h\u00f6sten<\/h2>\n<p>Alla plantor som levereras under h\u00f6sten \u00e4r utifr\u00e5n packade v\u00e4xande plantor. F\u00f6lj samma rekommendationer som f\u00f6r\u00a0 sommarplantering.<\/p>\n<p>\u00a0<\/p>\n<\/div><\/div>\n<\/div>\n\n<div class=\"et_pb_column_10 et_pb_column et_pb_column_1_2 et-last-child et_block_column et_pb_css_mix_blend_mode_passthrough\">\n<div class=\"et_pb_image_3 et_pb_image et_pb_module et_flex_module\"><a href=\"https:\/\/mellanaplant.fi\/wp-content\/uploads\/2025\/09\/syysistutus.jpg\" title=\"Mellan\u00e5 Plant syysistutus\" class=\"et_pb_lightbox_image\" alt=\"Mellan\u00e5 Plant syysistutus\"><span class=\"et_pb_image_wrap\"><img loading=\"lazy\" decoding=\"async\" src=\"https:\/\/mellanaplant.fi\/wp-content\/uploads\/2025\/09\/syysistutus.jpg\" alt=\"Mellan\u00e5 Plant syysistutus\" width=\"1920\" height=\"1280\" srcset=\"https:\/\/mellanaplant.fi\/wp-content\/uploads\/2025\/09\/syysistutus.jpg 1920w, https:\/\/mellanaplant.fi\/wp-content\/uploads\/2025\/09\/syysistutus-1280x853.jpg 1280w, https:\/\/mellanaplant.fi\/wp-content\/uploads\/2025\/09\/syysistutus-980x653.jpg 980w, https:\/\/mellanaplant.fi\/wp-content\/uploads\/2025\/09\/syysistutus-480x320.jpg 480w\" sizes=\"(min-width: 0px) and (max-width: 480px) 480px, (min-width: 481px) and (max-width: 980px) 980px, (min-width: 981px) and (max-width: 1280px) 1280px, (min-width: 1281px) 1920px, 100vw\" class=\"wp-image-1236\" \/><\/span><\/a><\/div>\n<\/div>\n<\/div>\n<\/div>","protected":false},"excerpt":{"rendered":"","protected":false},"author":3,"featured_media":0,"parent":0,"menu_order":2,"comment_status":"closed","ping_status":"closed","template":"","meta":{"footnotes":""},"class_list":["post-1011","page","type-page","status-publish","hentry"],"_links":{"self":[{"href":"https:\/\/mellanaplant.fi\/sv\/wp-json\/wp\/v2\/pages\/1011","targetHints":{"allow":["GET"]}}],"collection":[{"href":"https:\/\/mellanaplant.fi\/sv\/wp-json\/wp\/v2\/pages"}],"about":[{"href":"https:\/\/mellanaplant.fi\/sv\/wp-json\/wp\/v2\/types\/page"}],"author":[{"embeddable":true,"href":"https:\/\/mellanaplant.fi\/sv\/wp-json\/wp\/v2\/users\/3"}],"replies":[{"embeddable":true,"href":"https:\/\/mellanaplant.fi\/sv\/wp-json\/wp\/v2\/comments?post=1011"}],"version-history":[{"count":5,"href":"https:\/\/mellanaplant.fi\/sv\/wp-json\/wp\/v2\/pages\/1011\/revisions"}],"predecessor-version":[{"id":1412,"href":"https:\/\/mellanaplant.fi\/sv\/wp-json\/wp\/v2\/pages\/1011\/revisions\/1412"}],"wp:attachment":[{"href":"https:\/\/mellanaplant.fi\/sv\/wp-json\/wp\/v2\/media?parent=1011"}],"curies":[{"name":"wp","href":"https:\/\/api.w.org\/{rel}","templated":true}]}}

Hantering och förvaring av plantor

<div class="et_pb_section_0 et_pb_section et_section_regular et_block_section">
<div class="et_pb_row_0 et_pb_row et_flex_row">
<div class="et_pb_column_0 et_pb_column et_block_column et_pb_column_empty et_pb_css_mix_blend_mode_passthrough et_flex_column_24_24 et_flex_column_24_24_tablet et_flex_column_24_24_phone et_flex_column_24_24_phoneWide et_flex_column_24_24_tabletWide et_flex_column_24_24_widescreen et_flex_column_24_24_ultraWide"></div>

<div class="et_pb_column_1 et_pb_column et_flex_column et_pb_css_mix_blend_mode_passthrough et_flex_column_24_24 et_flex_column_24_24_tablet et_flex_column_24_24_phone et_flex_column_24_24_phoneWide et_flex_column_24_24_tabletWide et_flex_column_24_24_widescreen et_flex_column_24_24_ultraWide">
<div class="et_pb_text_0 et_pb_text et_pb_bg_layout_light et_pb_module et_flex_module"><div class="et_pb_text_inner"><h1>Hantering och förvaring av plantor</h1>
</div></div>
</div>

<div class="et_pb_column_2 et_pb_column et-last-child et_flex_column et_pb_column_empty et_pb_css_mix_blend_mode_passthrough et_flex_column_24_24 et_flex_column_24_24_tablet et_flex_column_24_24_phone et_flex_column_24_24_phoneWide et_flex_column_24_24_tabletWide et_flex_column_24_24_widescreen et_flex_column_24_24_ultraWide"></div>
</div>
</div>

<div class="et_pb_section_1 et_pb_section et_section_regular et_block_section">
<div class="et_pb_row_1 et_pb_row et_block_row">
<div class="et_pb_column_3 et_pb_column et_pb_column_1_2 et_block_column et_pb_css_mix_blend_mode_passthrough">
<div class="et_pb_text_1 et_pb_text et_pb_bg_layout_light et_pb_module et_flex_module"><div class="et_pb_text_inner"><h2>Plantor</h2>
<p>Alla Mellanå Plants plantor är täckrotsplantor, vilket har varit den mest populära odlingsmetoden under de senaste 30 åren. De är lätta att plantera med planteringsrör eller mekaniskt. Beroende på klumpens storlek ska rätt storlek på planteringsröret användas.</p>
<p> </p>
<p>OBS! Kontakta din lokala skogsexpert för planteringsanvisningar.</p>
<p> </p>
</div></div>
</div>

<div class="et_pb_column_4 et_pb_column et_pb_column_1_2 et-last-child et_block_column et_pb_css_mix_blend_mode_passthrough">
<div class="et_pb_image_0 et_pb_image et_pb_module et_flex_module"><a href="https://mellanaplant.fi/wp-content/uploads/2025/09/taimet1.jpg" title="Mellanå Plant taimet" class="et_pb_lightbox_image" alt="Mellanå Plant taimet"><span class="et_pb_image_wrap"><img loading="lazy" decoding="async" src="https://mellanaplant.fi/wp-content/uploads/2025/09/taimet1.jpg" alt="Mellanå Plant taimet" width="1920" height="1440" srcset="https://mellanaplant.fi/wp-content/uploads/2025/09/taimet1.jpg 1920w, https://mellanaplant.fi/wp-content/uploads/2025/09/taimet1-1280x960.jpg 1280w, https://mellanaplant.fi/wp-content/uploads/2025/09/taimet1-980x735.jpg 980w, https://mellanaplant.fi/wp-content/uploads/2025/09/taimet1-480x360.jpg 480w" sizes="(min-width: 0px) and (max-width: 480px) 480px, (min-width: 481px) and (max-width: 980px) 980px, (min-width: 981px) and (max-width: 1280px) 1280px, (min-width: 1281px) 1920px, 100vw" class="wp-image-1238" /></span></a></div>
</div>
</div>

<div class="et_pb_row_2 et_pb_row et_block_row">
<div class="et_pb_column_5 et_pb_column et_pb_column_1_2 et_block_column et_pb_css_mix_blend_mode_passthrough">
<div class="et_pb_text_2 et_pb_text et_pb_bg_layout_light et_pb_module et_flex_module"><div class="et_pb_text_inner"><h2>Plantering på våren</h2>
<p>Plantorna kan planteras så snart tjälen har gått ur jorden på våren. Alla plantor som levereras på våren är frysta vid leveransen och måste tinas upp före plantering. Här följer några rekommendationer och tips för plantering av frysta plantor (detta är riktlinjer, för mer detaljerade instruktioner kontakta din lokala skogsexpert):  </p>
<ul>
<li>Placera plantlådan i skuggan eller i ett svalt förvaringsutrymme, eftersom plantorna kan skadas av direkt solljus. Placera lådorna så att det finns lite utrymme mellan dem.</li>
<li>Skär 4-5 lufthål i lådan, antingen på sidorna eller på locket.</li>
<li>Öppna locket när torven har tinat upp.</li>
<li>Plantera så snabbt som möjligt, helst innan plantorna börjar växa igen.</li>
<li>Vattna vid behov.</li>
</ul>
<p>Tips:</p>
<ul>
<li>Beroende på temperaturen kan upptiningstiden vara från några dagar till flera veckor. Plantor i mitten av lådan kommer att tina lite långsammare. Rekommendationen är att plantera plantorna inom 3 veckor efter att upptiningsprocessen har påbörjats.</li>
<li>Plantorna måste vara helt upptinade innan de planteras.</li>
<li>Vattna plantorna före plantering, om det behövs. Vatten ska komma ut ur klumpen när du klämmer på den. </li>
</ul>
</div></div>
</div>

<div class="et_pb_column_6 et_pb_column et_pb_column_1_2 et-last-child et_block_column et_pb_css_mix_blend_mode_passthrough">
<div class="et_pb_image_1 et_pb_image et_pb_module et_flex_module"><a href="https://mellanaplant.fi/wp-content/uploads/2025/09/kevatistutus1.jpg" title="Mellanå Plant kevätistutus" class="et_pb_lightbox_image" alt="Mellanå Plant kevätistutus"><span class="et_pb_image_wrap"><img loading="lazy" decoding="async" src="https://mellanaplant.fi/wp-content/uploads/2025/09/kevatistutus1.jpg" alt="Mellanå Plant kevätistutus" width="1920" height="1282" srcset="https://mellanaplant.fi/wp-content/uploads/2025/09/kevatistutus1.jpg 1920w, https://mellanaplant.fi/wp-content/uploads/2025/09/kevatistutus1-1280x855.jpg 1280w, https://mellanaplant.fi/wp-content/uploads/2025/09/kevatistutus1-980x654.jpg 980w, https://mellanaplant.fi/wp-content/uploads/2025/09/kevatistutus1-480x321.jpg 480w" sizes="(min-width: 0px) and (max-width: 480px) 480px, (min-width: 481px) and (max-width: 980px) 980px, (min-width: 981px) and (max-width: 1280px) 1280px, (min-width: 1281px) 1920px, 100vw" class="wp-image-1224" /></span></a></div>
</div>
</div>

<div class="et_pb_row_3 et_pb_row et_block_row">
<div class="et_pb_column_7 et_pb_column et_pb_column_1_2 et_block_column et_pb_css_mix_blend_mode_passthrough">
<div class="et_pb_text_3 et_pb_text et_pb_bg_layout_light et_pb_module et_flex_module"><div class="et_pb_text_inner"><h2>Plantering under sommaren</h2>
<p>Plantor som levereras på sommaren är antingen frusna eller utifrån packade växande plantor. Frysta plantor bör planteras enligt samma rekommendationer som för vårplantering.</p>
<h4>Utifrån packade växande plantor</h4>
<ul>
<li>Plantorna vattnas på plantskolan innan leverans och det rekommenderas starkt att plantorna planteras inom en vecka.</li>
<li>Plantorna levereras i lådor och lådorna bör öppnas omedelbart så att plantorna får ljus och kan vattnas dagligen. Lådorna ska inte förvaras ovanpå varandra, eftersom vikten kan pressa ihop lådorna och skada plantorna. Förvara på en skuggig plats.</li>
<li>Det finns risk för skador om växande plantor förvaras i fuktiga lådor i mer än en vecka.</li>
<li>Vattna plantorna före plantering så att vatten kommer ut ur klumpen när du klämmer på den.</li>
</ul>
<p> </p>
</div></div>
</div>

<div class="et_pb_column_8 et_pb_column et_pb_column_1_2 et-last-child et_block_column et_pb_css_mix_blend_mode_passthrough">
<div class="et_pb_image_2 et_pb_image et_pb_module et_flex_module"><a href="https://mellanaplant.fi/wp-content/uploads/2025/09/kesaistutus.jpg" title="Mellanå Plant kesäistutus" class="et_pb_lightbox_image" alt="Mellanå Plant kesäistutus"><span class="et_pb_image_wrap"><img loading="lazy" decoding="async" src="https://mellanaplant.fi/wp-content/uploads/2025/09/kesaistutus.jpg" alt="Mellanå Plant kesäistutus" width="1920" height="1280" srcset="https://mellanaplant.fi/wp-content/uploads/2025/09/kesaistutus.jpg 1920w, https://mellanaplant.fi/wp-content/uploads/2025/09/kesaistutus-1280x853.jpg 1280w, https://mellanaplant.fi/wp-content/uploads/2025/09/kesaistutus-980x653.jpg 980w, https://mellanaplant.fi/wp-content/uploads/2025/09/kesaistutus-480x320.jpg 480w" sizes="(min-width: 0px) and (max-width: 480px) 480px, (min-width: 481px) and (max-width: 980px) 980px, (min-width: 981px) and (max-width: 1280px) 1280px, (min-width: 1281px) 1920px, 100vw" class="wp-image-1262" /></span></a></div>
</div>
</div>

<div class="et_pb_row_4 et_pb_row et_block_row">
<div class="et_pb_column_9 et_pb_column et_pb_column_1_2 et_block_column et_pb_css_mix_blend_mode_passthrough">
<div class="et_pb_text_4 et_pb_text et_pb_bg_layout_light et_pb_module et_flex_module"><div class="et_pb_text_inner"><h2>Plantering på hösten</h2>
<p>Alla plantor som levereras under hösten är utifrån packade växande plantor. Följ samma rekommendationer som för  sommarplantering.</p>
<p> </p>
</div></div>
</div>

<div class="et_pb_column_10 et_pb_column et_pb_column_1_2 et-last-child et_block_column et_pb_css_mix_blend_mode_passthrough">
<div class="et_pb_image_3 et_pb_image et_pb_module et_flex_module"><a href="https://mellanaplant.fi/wp-content/uploads/2025/09/syysistutus.jpg" title="Mellanå Plant syysistutus" class="et_pb_lightbox_image" alt="Mellanå Plant syysistutus"><span class="et_pb_image_wrap"><img loading="lazy" decoding="async" src="https://mellanaplant.fi/wp-content/uploads/2025/09/syysistutus.jpg" alt="Mellanå Plant syysistutus" width="1920" height="1280" srcset="https://mellanaplant.fi/wp-content/uploads/2025/09/syysistutus.jpg 1920w, https://mellanaplant.fi/wp-content/uploads/2025/09/syysistutus-1280x853.jpg 1280w, https://mellanaplant.fi/wp-content/uploads/2025/09/syysistutus-980x653.jpg 980w, https://mellanaplant.fi/wp-content/uploads/2025/09/syysistutus-480x320.jpg 480w" sizes="(min-width: 0px) and (max-width: 480px) 480px, (min-width: 481px) and (max-width: 980px) 980px, (min-width: 981px) and (max-width: 1280px) 1280px, (min-width: 1281px) 1920px, 100vw" class="wp-image-1236" /></span></a></div>
</div>
</div>
</div>
